
What is the remainder when 23525 is divided by 23426?
99
What is the remainder when 206690 is divided by 53?
43
Calculate the remainder when 416056 is divided by 41344.
2616
What is the remainder when 130649 is divided by 442?
259
Calculate the remainder when 209859 is divided by 1440.
1059
Calculate the remainder when 433336 is divided by 61874.
218
Calculate the remainder when 4966529 is divided by 41.
35
Calculate the remainder when 9705 is divided by 4627.
451
What is the remainder when 414781 is divided by 46?
45
Calculate the remainder when 160285 is divided by 246.
139
Calculate the remainder when 7447081 is divided by 159.
157
Calculate the remainder when 876587 is divided by 2208.
11
Calculate the remainder when 579292 is divided by 41378.
0
What is the remainder when 486007 is divided by 485963?
44
Calculate the remainder when 584426 is divided by 1923.
1757
Calculate the remainder when 40590 is divided by 20117.
356
What is the remainder when 61258720 is divided by 1718?
1712
What is the remainder when 3594183 is divided by 58921?
2
What is the remainder when 5664398 is divided by 289?
287
Calculate the remainder when 1036182 is divided by 259035.
42
Calculate the remainder when 442729 is divided by 199.
153
Calculate the remainder when 310792 is divided by 103137.
1381
What is the remainder when 973384 is divided by 878?
560
What is the remainder when 69109618 is divided by 17?
11
Calculate the remainder when 1198710 is divided by 199565.
1320
Calculate the remainder when 57446129 is divided by 154.
125
What is the remainder when 21923 is divided by 10262?
1399
What is the remainder when 34127 is divided by 1280?
847
Calculate the remainder when 94787137 is divided by 758.
753
Calculate the remainder when 3055433 is divided by 58.
51
What is the remainder when 483399 is divided by 248?
47
Calculate the remainder when 7597699 is divided by 121.
109
Calculate the remainder when 22362679 is divided by 29.
25
Calculate the remainder when 8035847 is divided by 47.
22
Calculate the remainder when 29662269 is divided by 14831128.
13
What is the remainder when 27275820 is divided by 1435569?
9
Calculate the remainder when 501858 is divided by 1277.
1274
Calculate the remainder when 20802 is divided by 82.
56
Calculate the remainder when 81406 is divided by 81405.
1
What is the remainder when 8880388 is divided by 1249?
1247
Calculate the remainder when 20395231 is divided by 19.
4
What is the remainder when 3874156 is divided by 242?
220
What is the remainder when 13177311 is divided by 30?
21
Calculate the remainder when 103019 is divided by 51509.
1
What is the remainder when 1150495 is divided by 575233?
29
What is the remainder when 59434402 is divided by 3273?
3268
Calculate the remainder when 12142751 is divided by 900.
851
Calculate the remainder when 4578271 is divided by 692.
691
Calculate the remainder when 194216 is divided by 1722.
1352
What is the remainder when 112420690 is divided by 218?
52
Calculate the remainder when 13377455 is divided by 290814.
11
What is the remainder when 181660580 is divided by 268?
264
What is the remainder when 424387 is divided by 343?
96
What is the remainder when 167816 is divided by 83900?
16
What is the remainder when 583273 is divided by 58327?
3
Calculate the remainder when 339716 is divided by 339703.
13
What is the remainder when 8772 is divided by 212?
80
What is the remainder when 929526 is divided by 137?
118
What is the remainder when 85579608 is divided by 73?
29
Calculate the remainder when 72312 is divided by 34070.
4172
Calculate the remainder when 1314490203 is divided by 413.
411
Calculate the remainder when 99211086 is divided by 3670.
3646
Calculate the remainder when 51670 is divided by 25822.
26
Calculate the remainder when 135066970 is divided by 113.
104
What is the remainder when 640469 is divided by 42696?
29
What is the remainder when 20760993 is divided by 444?
441
What is the remainder when 14436030 is divided by 2062285?
35
What is the remainder when 2517878 is divided by 23?
22
Calculate the remainder when 198265 is divided by 197656.
609
Calculate the remainder when 29063786 is divided by 57.
56
Calculate the remainder when 25990930 is divided by 84661.
3
Calculate the remainder when 631758 is divided by 1201.
32
What is the remainder when 1104116 is divided by 6?
2
Calculate the remainder when 3678944 is divided by 3678933.
11
What is the remainder when 3075491 is divided by 354?
293
What is the remainder when 8396 is divided by 427?
283
What is the remainder when 1454657 is divided by 1454612?
45
Calculate the remainder when 63560 is divided by 1827.
1442
What is the remainder when 568072 is divided by 8370?
7282
What is the remainder when 34796 is divided by 7619?
4320
Calculate the remainder when 50129045 is divided by 6.
5
Calculate the remainder when 1656850 is divided by 414055.
630
What is the remainder when 416744 is divided by 6334?
5034
What is the remainder when 324618 is divided by 162293?
32
Calculate the remainder when 35234 is divided by 1428.
962
Calculate the remainder when 21384928 is divided by 356.
8
What is the remainder when 9650231 is divided by 482511?
11
What is the remainder when 217982 is divided by 2012?
686
Calculate the remainder when 1003643 is divided by 2461.
2016
Calculate the remainder when 5121 is divided by 1734.
1653
What is the remainder when 4073260 is divided by 382?
376
What is the remainder when 148126 is divided by 7795?
21
Calculate the remainder when 36140080 is divided by 1874.
1864
Calculate the remainder when 10683 is divided by 306.
279
What is the remainder when 1307955 is divided by 1307879?
76
Calculate the remainder when 4332691 is divided by 4332689.
2
What is the remainder when 616055045 is divided by 18?
5
What is the remainder when 14969724 is divided by 3742417?
56
What is the remainder when 1465353 is divided by 1605?
1593
Calculate the remainder when 1352727 is divided by 34685.
12
Calculate the remainder when 572381 is divided by 1901.
180
Calculate the remainder when 154174 is divided by 3906.
1840
What is the remainder when 2757485 is divided by 393924?
17
What is the remainder when 2016 is divided by 1651?
365
What is the remainder when 228218 is divided by 124?
58
Calculate the remainder when 1522245 is divided by 3936.
2949
Calculate the remainder when 16819 is divided by 1115.
94
What is the remainder when 5761343 is divided by 666?
443
Calculate the remainder when 11268765 is divided by 2817107.
337
Calculate the remainder when 683637 is divided by 196.
185
Calculate the remainder when 626741 is divided by 1746.
1673
Calculate the remainder when 11418229 is divided by 207604.
9
Calculate the remainder when 127507773 is divided by 2333.
2324
Calculate the remainder when 250597 is divided by 134.
17
What is the remainder when 3904098 is divided by 1927?
1923
Calculate the remainder when 5057940 is divided by 4247.
4010
Calculate the remainder when 249024 is divided by 49801.
19
What is the remainder when 8592507 is divided by 43?
32
What is the remainder when 3147346 is divided by 190?
186
What is the remainder when 121621 is divided by 3697?
3317
Calculate the remainder when 567719 is divided by 283731.
257
What is the remainder when 41764 is divided by 1145?
544
What is the remainder when 1414632 is divided by 32871?
1179
What is the remainder when 563010 is divided by 8401?
143
What is the remainder when 172557 is divided by 5403?
5064
What is the remainder when 26524167 is divided by 16640?
7
What is the remainder when 2026198 is divided by 4605?
4603
What is the remainder when 735046 is divided by 3193?
656
Calculate the remainder when 1874274 is divided by 4745.
4744
What is the remainder when 9666841 is divided by 1201?
1193
What is the remainder when 385188 is divided by 42714?
762
What is the remainder when 23974760 is divided by 7?
5
What is the remainder when 266476 is divided by 38059?
63
Calculate the remainder when 905840 is divided by 61.
51
Calculate the remainder when 21856 is divided by 6435.
2551
What is the remainder when 1551448 is divided by 87?
64
Calculate the remainder when 2414157 is divided by 153.
123
Calculate the remainder when 1178925 is divided by 55.
0
What is